{"id":668,"date":"2021-11-10T18:05:43","date_gmt":"2021-11-10T17:05:43","guid":{"rendered":"http:\/\/ecoleduqi-lereseau.org\/?page_id=668"},"modified":"2024-01-31T09:28:51","modified_gmt":"2024-01-31T08:28:51","slug":"rencontre-annuel-2021","status":"publish","type":"page","link":"https:\/\/ecoleduqi-lereseau.org\/index.php\/rencontre-annuel-2021\/","title":{"rendered":"Rencontre annuelle 2021"},"content":{"rendered":"\n<p>La quatri\u00e8me rencontre r\u00e9seau a eu lieu le 1<sup>er<\/sup>, 2 et 3 octobre \u00e0 Joannas. Une \u00e9nergie nouvelle a pu se d\u00e9ployer saupoudr\u00e9e d\u2019une joie immense de se retrouver, se revoir avec un enthousiasme et un engagement \u00e0 cr\u00e9er ensemble.<\/p>\n\n\n\n<p>Le th\u00e8me propos\u00e9 cette ann\u00e9e \u00e9tait&nbsp;: \u00ab&nbsp;Conduite du Qi et L\u00e2cher prise&nbsp;\u00bbou comment faire concilier la puissance du Yi (l\u2019intention) et celle de Zhi (la volont\u00e9 des Reins) sans que cela emp\u00eache la libre circulation du Qi ?<br>&#8211; Qu\u2019est ce qui permet au corps d\u2019\u00eatre r\u00e9cepteur du Qi sans entrave et sans conflit ?<\/p>\n\n\n\n<p>&#8211; Quels chemins, quelles approches ou quelles pratiques peuvent aider \u00e0 cette conduite du Qi et\/ou \u00e0 ce l\u00e2cher prise&nbsp;?<\/p>\n\n\n\n<p><strong>Vendredi apr\u00e8s-midi&nbsp;:<\/strong><br><br>Marie Claude a commenc\u00e9 par un atelier ludique et bluffant sur la conduite du Qi en utilisant une premi\u00e8re fois la force musculaire puisavec la conduite du Qi par le Yi. Nous avons pu observerqu\u2019il est quasi-impossible de faire plier un bras quand le Yi est pr\u00e9sent et que le Qi circule.&nbsp;<\/p>\n\n\n\n<p>B\u00e9atrice nous a amen\u00e9 dans un exercice assis pour conduire l\u2019\u00e9nergie au bout des pieds et des mains en d\u00e9ployant chaque membre alternativement et en \u00e9coutant son propre rythme. Un travail de l\u00e2cher prise par rapport au mental dans ce geste si r\u00e9p\u00e9titif et dans la dur\u00e9e.<\/p>\n\n\n\n<p>Une discussion a propos du r\u00e9seau et de son fonctionnement nous a permis d\u2019exprimer que cette rencontre annuelle prenait une place importante dans nos c\u0153urs et que nous souhaitions nous engager pour la laisser se d\u00e9ployer avec joie et avec une dynamique perp\u00e9tuelle.<\/p>\n\n\n\n<p>En fin d\u2019apr\u00e8s-midi nous avons pratiqu\u00e9 pour assouplir la forme, d\u00e9tendre le bassin et la colonne vert\u00e9brale pour pratiquer avec l\u00e9g\u00e8ret\u00e9 \u00ab&nbsp;le ph\u00e9nix dansant&nbsp;\u00bb propos\u00e9 par B\u00e9atrice.Nous avons exp\u00e9riment\u00e9 la conduite du Qi sur le plan horizontal avec des mouvements amples et sur le plan vertical entre les Dan Tians inf\u00e9rieur et sup\u00e9rieur.<\/p>\n\n\n\n<p><strong>Samedi<br>matin&nbsp;<\/strong>:<br>L\u2019atelier de Peggy, en bin\u00f4me nous proposait de d\u00e9couvrir l\u2019\u00e9coute cranio-sacr\u00e9 et le massage de l\u2019\u00e9paule, puis du dos pour un l\u00e2cher prise jusqu\u2019au massage avec d\u00e9licatesse du muscle sterno-cl\u00e9ido-masto\u00efdien pour lib\u00e9rer le nerf vague.<\/p>\n\n\n\n<p><strong>Apr\u00e8s-midi&nbsp;<\/strong>:<br>Val\u00e9rie nous a surpris par un atelier de danse libre puis avec des consignes de plus en plus pr\u00e9cises comme les yeux ferm\u00e9s o\u00f9 nous avons exp\u00e9riment\u00e9 la retenue pour ne pas se blesser les uns et les autres mais aussi le l\u00e2cher-prise, savoir recevoir avec bienveillance les mains, les hanches ou autres parties de corps qui pouvaient se bousculer, se toucher, s\u2019enlacer, danser ensemble et un syst\u00e8me de gage lorsque la musique s\u2019arr\u00eatait nous a bien fait rire&nbsp;!<\/p>\n\n\n\n<p>Puis Charlotte nous a pr\u00e9sent\u00e9 le visionnage d\u2019un film documentaire sur le Kyudo et la voie de l\u2019Arc&nbsp;: <a href=\"https:\/\/youtu.be\/8oWD0pSAFPQ\">https:\/\/youtu.be\/8oWD0pSAFPQ<\/a>, suivi par un atelier.<\/p>\n\n\n\n<p>Nous avons commenc\u00e9 par \u00ab&nbsp;aller cueillir l\u2019\u00e9toile et l\u2019amener dans un panier \u00bb. Charlotte nous a fait exp\u00e9rimenter comment placer le Yi, \u00eatre en contact avec ce plus petit mouvement de l\u2019esprit dans la r\u00e9alisation du geste. Puis d\u2019observer lorsque l\u2019attention se pla\u00e7ait directement dans l\u2019\u00e9toile ou le panier, quelles \u00e9taient les diff\u00e9rences. Enfin nous avons continu\u00e9 \u00e0 exp\u00e9rimenter la puissance du Yi dans une pratique de p\u00e9tanque par 2. Chacun \u00e9tait libre de poser son intention avant de lancer la boule qui devait \u00eatre proche du \u00ab&nbsp;cochonnet&nbsp;\u00bb. Pour certains cela a march\u00e9, d\u2019autres moins mais nos partages ont \u00e9t\u00e9 riches.<\/p>\n\n\n\n<p>Pour la soir\u00e9e apr\u00e8s le repas Peggy nous a propos\u00e9 de s\u2019endormir sans s\u2019endormir&nbsp;! Ce n\u2019\u00e9tait pas une blague mais un exercice pas des plus facile. Au moment o\u00f9 l\u2019on sentait qu\u2019on allait glisser dans cet espace \u00ab&nbsp;sommeil&nbsp;\u00bb, la consigne \u00e9tait de bouger et se tourner. Le l\u00e2cher prise n\u2019a pas \u00e9t\u00e9 \u00e9vident. Il y a eu quelques endormissements&nbsp;et quelques insomnies. A pratiquer&nbsp;encore pour arriver \u00e0 cet \u00e9tat de repos\/ l\u00e2cher prise\/ m\u00e9ditation !<\/p>\n\n\n\n<p><strong>Dimanche<\/strong><br>Pascale nous alu certains passages sur l\u2019intention&nbsp;notamment dans la pratique du Tai Chi et nous avons \u00e9chang\u00e9 sur Yi et Yi Zhi.<\/p>\n\n\n\n<p><a href=\"https:\/\/www.google.com\/url?sa=t&amp;source=web&amp;rct=j&amp;url=http:\/\/taijiquan.reims.free.fr\/le_Yi__.html&amp;ved=2ahUKEwic3LP17q7zAhVeA2MBHSs6AN4QFnoECCsQAQ&amp;usg=AOvVaw26qB7vRAeBSVNJr7hybSco\">https:\/\/www.google.com\/url?sa=t&amp;source=web&amp;rct=j&amp;url=http:\/\/taijiquan.reims.free.fr\/le_Yi__.html&amp;ved=2ahUKEwic3LP17q7zAhVeA2MBHSs6AN4QFnoECCsQAQ&amp;usg=AOvVaw26qB7vRAeBSVNJr7hybSco<\/a><\/p>\n\n\n\n<p>Ensuite, elle nous a invit\u00e9 \u00e0 vivre l\u2019exp\u00e9rience du l\u00e2cher prise par des ateliers \u00e0 5 personnes&nbsp;; une personne allong\u00e9e re\u00e7oit et les 4 autres donnent en faisant bouger ind\u00e9pendamment les quatre membres en m\u00eame temps. Une exp\u00e9rience \u00e9tonnante !<\/p>\n\n\n\n<p>Puis Maryline a propos\u00e9 un atelier de Qi Gong pour vivre le l\u00e2cher prise face \u00e0 diff\u00e9rentes perturbations comme des bruits, des mouvements, un contact, des grimaces etc\u2026 enfin tout ce qui peut d\u00e9ranger un partenaire entrain de pratiquer une m\u00e9ditation assise et une posture debout. L\u2019attention et la pr\u00e9sence \u00e0 la pratique rest\u00e8rent stables dans l\u2019agitation joyeuse autour. Nous avons exp\u00e9riment\u00e9 aussi sans la perturbation ext\u00e9rieure.<\/p>\n\n\n\n<p>Nous avons termin\u00e9 le week-end,le dimanche apr\u00e8s-midi, par une pratique commune de la marche des cercles, guid\u00e9e par Peggy.<\/p>\n\n\n\n<p>Des \u00e9lans de participations sont arriv\u00e9s durant ce weekend et cela a annonc\u00e9 un enthousiasme \u00e0 cr\u00e9er ensemble le prochain week-end r\u00e9seau pour le 25,26 et 27 novembre 2022 dont le th\u00e8me sera : \u00ab\u00a0Appropriation des espaces dans la pratique \u00bb.<\/p>\n","protected":false},"excerpt":{"rendered":"<p>La quatri\u00e8me rencontre r\u00e9seau a eu lieu le 1er, 2 et 3 octobre \u00e0 Joannas. Une \u00e9nergie nouvelle a pu se d\u00e9ployer saupoudr\u00e9e d\u2019une joie immense de se retrouver, se revoir avec un enthousiasme et un engagement \u00e0 cr\u00e9er ensemble. Le th\u00e8me propos\u00e9 cette ann\u00e9e \u00e9tait&nbsp;: \u00ab&nbsp;Conduite du Qi et L\u00e2cher prise&nbsp;\u00bbou comment faire concilier &hellip; <a href=\"https:\/\/ecoleduqi-lereseau.org\/index.php\/rencontre-annuel-2021\/\" class=\"more-link\">Continuer la lecture<span class=\"screen-reader-text\"> de &laquo;&nbsp;Rencontre annuelle 2021&nbsp;&raquo;<\/span><\/a><\/p>\n","protected":false},"author":5,"featured_media":0,"parent":0,"menu_order":0,"comment_status":"closed","ping_status":"closed","template":"","meta":[],"_links":{"self":[{"href":"https:\/\/ecoleduqi-lereseau.org\/index.php\/wp-json\/wp\/v2\/pages\/668"}],"collection":[{"href":"https:\/\/ecoleduqi-lereseau.org\/index.php\/wp-json\/wp\/v2\/pages"}],"about":[{"href":"https:\/\/ecoleduqi-lereseau.org\/index.php\/wp-json\/wp\/v2\/types\/page"}],"author":[{"embeddable":true,"href":"https:\/\/ecoleduqi-lereseau.org\/index.php\/wp-json\/wp\/v2\/users\/5"}],"replies":[{"embeddable":true,"href":"https:\/\/ecoleduqi-lereseau.org\/index.php\/wp-json\/wp\/v2\/comments?post=668"}],"version-history":[{"count":3,"href":"https:\/\/ecoleduqi-lereseau.org\/index.php\/wp-json\/wp\/v2\/pages\/668\/revisions"}],"predecessor-version":[{"id":710,"href":"https:\/\/ecoleduqi-lereseau.org\/index.php\/wp-json\/wp\/v2\/pages\/668\/revisions\/710"}],"wp:attachment":[{"href":"https:\/\/ecoleduqi-lereseau.org\/index.php\/wp-json\/wp\/v2\/media?parent=668"}],"curies":[{"name":"wp","href":"https:\/\/api.w.org\/{rel}","templated":true}]}}