{"id":337,"date":"2019-10-26T17:12:30","date_gmt":"2019-10-26T15:12:30","guid":{"rendered":"http:\/\/ecoleduqi-lereseau.org\/?page_id=337"},"modified":"2025-10-25T16:33:05","modified_gmt":"2025-10-25T14:33:05","slug":"participer-au-reseau","status":"publish","type":"page","link":"https:\/\/ecoleduqi-lereseau.org\/index.php\/participer-au-reseau\/","title":{"rendered":"Participer au r\u00e9seau"},"content":{"rendered":"\n<p>Si vous \u00eates int\u00e9ress\u00e9s pour participer au r\u00e9seau et recevoir les informations, <br>la cotisation au r\u00e9seau est d\u00e9sormais coupl\u00e9e avec la cotisation \u00e0 l\u2019\u00e9cole du Qi. En cons\u00e9quence, pour \u00eatre membre du r\u00e9seau, seules les personnes qui ne sont pas inscrites \u00e0 un stage ou \u00e0 une formation dans l\u2019ann\u00e9e en cours ont a envoy\u00e9 un ch\u00e8que de 10\u20ac \u00e0 :<br><\/p>\n\n\n\n<p>l&rsquo;\u00e9cole du Qi<br>161 chemin du serremejeau<br>Chassagnolles<br>07110 Joannas<\/p>\n\n\n\n<p>Cette\ncotisation vous permet<\/p>\n\n\n\n<ul><li>D\u2019avoir acc\u00e8s aux informations-r\u00e9flexions sur la pratique ou la p\u00e9dagogie, men\u00e9es et \u00e9dit\u00e9es par les membres du r\u00e9seau.<\/li><li>De participer aux rencontres d\u00e9localis\u00e9es. Rencontres organis\u00e9es en r\u00e9gion par des membres du r\u00e9seau. Et de pouvoir ainsi pratiquer ensemble, \u00e9changer sur la pratique et la p\u00e9dagogie, r\u00e9fl\u00e9chir et s\u2019entraider entre pairs.<\/li><li>D\u2019\u00eatre r\u00e9f\u00e9renc\u00e9 comme professeur sur la carte et le listing. Ce qui permet une visibilit\u00e9 par vos pairs avec la possibilit\u00e9 de pouvoir organiser des pratiques communes. Mais aussi, de vous indiquer \u00e0 toute personne cherchant un professeur dans votre r\u00e9gion.<\/li><li>De participer aux rencontres annuelles qui ont lieu \u00e0 Joannas.<br>Les rencontres sont fix\u00e9es le premier week-end d&rsquo;octobre du vendredi 14h au dimanche 16h30. <\/li><\/ul>\n\n\n<p><!--EndFragment--><\/p>\n\n\n<p><\/p>\n","protected":false},"excerpt":{"rendered":"<p>Si vous \u00eates int\u00e9ress\u00e9s pour participer au r\u00e9seau et recevoir les informations, la cotisation au r\u00e9seau est d\u00e9sormais coupl\u00e9e avec la cotisation \u00e0 l\u2019\u00e9cole du Qi. En cons\u00e9quence, pour \u00eatre membre du r\u00e9seau, seules les personnes qui ne sont pas inscrites \u00e0 un stage ou \u00e0 une formation dans l\u2019ann\u00e9e en cours ont a envoy\u00e9 &hellip; <a href=\"https:\/\/ecoleduqi-lereseau.org\/index.php\/participer-au-reseau\/\" class=\"more-link\">Continuer la lecture<span class=\"screen-reader-text\"> de &laquo;&nbsp;Participer au r\u00e9seau&nbsp;&raquo;<\/span><\/a><\/p>\n","protected":false},"author":5,"featured_media":0,"parent":0,"menu_order":0,"comment_status":"closed","ping_status":"closed","template":"","meta":[],"_links":{"self":[{"href":"https:\/\/ecoleduqi-lereseau.org\/index.php\/wp-json\/wp\/v2\/pages\/337"}],"collection":[{"href":"https:\/\/ecoleduqi-lereseau.org\/index.php\/wp-json\/wp\/v2\/pages"}],"about":[{"href":"https:\/\/ecoleduqi-lereseau.org\/index.php\/wp-json\/wp\/v2\/types\/page"}],"author":[{"embeddable":true,"href":"https:\/\/ecoleduqi-lereseau.org\/index.php\/wp-json\/wp\/v2\/users\/5"}],"replies":[{"embeddable":true,"href":"https:\/\/ecoleduqi-lereseau.org\/index.php\/wp-json\/wp\/v2\/comments?post=337"}],"version-history":[{"count":15,"href":"https:\/\/ecoleduqi-lereseau.org\/index.php\/wp-json\/wp\/v2\/pages\/337\/revisions"}],"predecessor-version":[{"id":1153,"href":"https:\/\/ecoleduqi-lereseau.org\/index.php\/wp-json\/wp\/v2\/pages\/337\/revisions\/1153"}],"wp:attachment":[{"href":"https:\/\/ecoleduqi-lereseau.org\/index.php\/wp-json\/wp\/v2\/media?parent=337"}],"curies":[{"name":"wp","href":"https:\/\/api.w.org\/{rel}","templated":true}]}}